{"id":176,"date":"2017-03-22T13:14:24","date_gmt":"2017-03-22T13:14:24","guid":{"rendered":"http:\/\/ecoararas.com.br\/v1\/?page_id=176"},"modified":"2024-05-29T15:59:50","modified_gmt":"2024-05-29T18:59:50","slug":"contato","status":"publish","type":"page","link":"https:\/\/ecoararas.com.br\/v1\/contato\/","title":{"rendered":"Contato"},"content":{"rendered":"<div class=\"wpb-content-wrapper\"><p>[vc_row css=&#8221;.vc_custom_1491485380001{padding-top: 8rem !important;padding-bottom: 6rem !important;}&#8221;][vc_column]<div id=\"sc_content_1450324277\"\n\t\tclass=\"sc_content sc_content_default sc_float_center  vc_custom_1491481732052\"><div class=\"sc_content_container\">[vc_row_inner equal_height=&#8221;yes&#8221; content_placement=&#8221;middle&#8221;][vc_column_inner width=&#8221;1\/2&#8243;]<div id=\"sc_googlemap_1288989122_wrap\" class=\"sc_googlemap_wrap\"><div id=\"sc_googlemap_1288989122\"\n\t\t\tclass=\"sc_googlemap sc_googlemap_default\"\n\t\t\t style=\"width:100%;height:483px;\"\t\t\tdata-zoom=\"15\"\n\t\t\tdata-style=\"grey\"\n\t\t\tdata-cluster-icon=\"\"\n        ><iframe\n                    src=\"https:\/\/maps.google.com\/maps?t=m&output=embed&iwloc=near&z=15&q=-22.417725192645005,-47.285122592611984\"\n                    scrolling=\"no\"\n                    marginheight=\"0\"\n                    marginwidth=\"0\"\n                    frameborder=\"0\"\n                    aria-label=\"\"><\/iframe><\/div><\/div><!-- \/.sc_googlemap_wrap -->[\/vc_column_inner][vc_column_inner width=&#8221;1\/2&#8243; css=&#8221;.vc_custom_1494243940610{padding-top: 2rem !important;padding-bottom: 2rem !important;}&#8221;][vc_column_text]<\/p>\n<h3 style=\"text-align: center; margin-bottom: 2.3rem;\"><span style=\"color: #ffffff;\"><em style=\"text-transform: capitalize;\">Entre em<\/em> Contato<\/span><\/h3>\n<p><span style=\"background-color: white; color: #a1c643; width: 52px; height: 2px; display: block; overflow: hidden; margin: 0 auto 2.1rem;\">line<\/span>[\/vc_column_text][vc_column_text el_class=&#8221;contact_us&#8221;]<\/p>\n<p style=\"text-align: center;\">Bloco Caio Prado, Km 38,5, S\/N<br \/>\nAraras\/SP<br \/>\n(19) 9 98081139<br \/>\npaulo@ecoararas.com.br<\/p>\n<p>[\/vc_column_text]<div  id=\"sc_socials_1931716120\" \n\t\tclass=\"sc_socials sc_socials_default sc_align_center  vc_custom_1664884161146\"><div class=\"socials_wrap\"><a target=\"_blank\" href=\"https:\/\/www.instagram.com\/ecoararasplasticos\/\" class=\"social_item social_item_style_icons social_item_type_icons\"><span class=\"social_icon social_instagramm\"><span class=\"icon-instagramm\"><\/span><\/span><\/a><\/div><!-- \/.socials_wrap --><\/div><!-- \/.sc_socials -->[\/vc_column_inner][\/vc_row_inner]<\/div><\/div><!-- \/.sc_content -->[\/vc_column][\/vc_row][vc_row full_width=&#8221;stretch_row&#8221; css=&#8221;.vc_custom_1570531391074{padding-top: 17.3rem !important;padding-bottom: 7rem !important;background-image: url(http:\/\/ecoararas.com.br\/v1\/wp-content\/uploads\/2017\/03\/bg_gr.jpg?id=180) !important;background-position: center !important;background-repeat: no-repeat !important;background-size: cover !important;}&#8221;][vc_column width=&#8221;1\/6&#8243;][\/vc_column][vc_column width=&#8221;2\/3&#8243;]<div id=\"sc_title_1970502282\"\n\t\tclass=\"sc_title sc_title_default\"><h3 class=\"sc_item_title sc_title_title sc_align_center sc_item_title_style_default sc_item_title_tag\">Envie uma mensagem<\/h3><h6 class=\"sc_item_subtitle sc_title_subtitle sc_align_center sc_item_title_style_default\">para nossos consultores<\/h6><\/div><!-- \/.sc_title -->[vc_empty_space height=&#8221;3rem&#8221; alter_height=&#8221;none&#8221; hide_on_mobile=&#8221;&#8221;]\n<div class=\"wpcf7 no-js\" id=\"wpcf7-f1055-o1\" lang=\"en-US\" dir=\"ltr\">\n<div class=\"screen-reader-response\"><p role=\"status\" aria-live=\"polite\" aria-atomic=\"true\"><\/p> <ul><\/ul><\/div>\n<form action=\"\/v1\/wp-json\/wp\/v2\/pages\/176#wpcf7-f1055-o1\" method=\"post\" class=\"wpcf7-form init\" aria-label=\"Contact form\" novalidate=\"novalidate\" data-status=\"init\">\n<div style=\"display: none;\">\n<input type=\"hidden\" name=\"_wpcf7\" value=\"1055\" \/>\n<input type=\"hidden\" name=\"_wpcf7_version\" value=\"5.8.6\" \/>\n<input type=\"hidden\" name=\"_wpcf7_locale\" value=\"en_US\" \/>\n<input type=\"hidden\" name=\"_wpcf7_unit_tag\" value=\"wpcf7-f1055-o1\" \/>\n<input type=\"hidden\" name=\"_wpcf7_container_post\" value=\"0\" \/>\n<input type=\"hidden\" name=\"_wpcf7_posted_data_hash\" value=\"\" \/>\n<\/div>\n<div class=\"sc_form_details trx_addons_columns_wrap\">\n\t<div class=\"trx_addons_column-1_2\">\n\t\t<p><label class=\"wpcf7-validates-as-required\"><span class=\"wpcf7-form-control-wrap\" data-name=\"your-name\"><input size=\"40\" class=\"wpcf7-form-control wpcf7-text wpcf7-validates-as-required\" aria-required=\"true\" aria-invalid=\"false\" placeholder=\"Seu Nome*\" value=\"\" type=\"text\" name=\"your-name\" \/><\/span><\/label>\n\t\t<\/p>\n\t<\/div>\n\t<div class=\"trx_addons_column-1_2\">\n\t\t<p><label class=\"wpcf7-validates-as-required\"><span class=\"wpcf7-form-control-wrap\" data-name=\"email\"><input size=\"40\" class=\"wpcf7-form-control wpcf7-email wpcf7-validates-as-required wpcf7-text wpcf7-validates-as-email\" aria-required=\"true\" aria-invalid=\"false\" placeholder=\"Seu E-mail*\" value=\"\" type=\"email\" name=\"email\" \/><\/span><\/label>\n\t\t<\/p>\n\t<\/div>\n\t<div class=\"trx_addons_column-1\">\n\t\t<p><span class=\"wpcf7-form-control-wrap\" data-name=\"your-message\"><textarea cols=\"40\" rows=\"7\" class=\"wpcf7-form-control wpcf7-textarea\" aria-invalid=\"false\" placeholder=\"Sua Mensagem\" name=\"your-message\"><\/textarea><\/span>\n\t\t<\/p>\n\t<\/div>\n<\/div>\n<div class=\"sc_form_field_checkbox\">\n\t<p><span class=\"wpcf7-form-control-wrap\" data-name=\"acceptance-334\"><span class=\"wpcf7-form-control wpcf7-acceptance\"><span class=\"wpcf7-list-item\"><label><input type=\"checkbox\" name=\"acceptance-334\" value=\"1\" aria-invalid=\"false\" \/><span class=\"wpcf7-list-item-label\">Concordo com os Termos, Condi\u00e7\u00f5es e Pol\u00edtica de Privacidade.<\/span><\/label><\/span><\/span><\/span>\n\t<\/p>\n<\/div>\n<div class=\"sc_form_field sc_form_field_button form-submit\">\n\t<p><input class=\"wpcf7-form-control wpcf7-submit has-spinner sc_button sc_button_size_normal\" type=\"submit\" value=\"Enviar Mensagem\" \/>\n\t<\/p>\n<\/div><div class=\"wpcf7-response-output\" aria-hidden=\"true\"><\/div>\n<\/form>\n<\/div>\n[\/vc_column][vc_column width=&#8221;1\/6&#8243;][\/vc_column][\/vc_row]<\/p>\n<\/div>","protected":false},"excerpt":{"rendered":"<p>[vc_row css=&#8221;.vc_custom_1491485380001{padding-top: 8rem !important;padding-bottom: 6rem !important;}&#8221;][vc_column][\/vc_column][\/vc_row][vc_row full_width=&#8221;stretch_row&#8221; css=&#8221;.vc_custom_1570531391074{padding-top: 17.3rem !important;padding-bottom: 7rem !important;background-image: url(http:\/\/ecoararas.com.br\/v1\/wp-content\/uploads\/2017\/03\/bg_gr.jpg?id=180) !important;background-position: center !important;background-repeat: no-repeat !important;background-size: cover !important;}&#8221;][vc_column width=&#8221;1\/6&#8243;][\/vc_column][vc_column width=&#8221;2\/3&#8243;][vc_empty_space height=&#8221;3rem&#8221; alter_height=&#8221;none&#8221; hide_on_mobile=&#8221;&#8221;][\/vc_column][vc_column width=&#8221;1\/6&#8243;][\/vc_column][\/vc_row]<\/p>\n","protected":false},"author":1,"featured_media":0,"parent":0,"menu_order":0,"comment_status":"closed","ping_status":"closed","template":"","meta":{"footnotes":""},"class_list":["post-176","page","type-page","status-publish","hentry"],"_links":{"self":[{"href":"https:\/\/ecoararas.com.br\/v1\/wp-json\/wp\/v2\/pages\/176","targetHints":{"allow":["GET"]}}],"collection":[{"href":"https:\/\/ecoararas.com.br\/v1\/wp-json\/wp\/v2\/pages"}],"about":[{"href":"https:\/\/ecoararas.com.br\/v1\/wp-json\/wp\/v2\/types\/page"}],"author":[{"embeddable":true,"href":"https:\/\/ecoararas.com.br\/v1\/wp-json\/wp\/v2\/users\/1"}],"replies":[{"embeddable":true,"href":"https:\/\/ecoararas.com.br\/v1\/wp-json\/wp\/v2\/comments?post=176"}],"version-history":[{"count":5,"href":"https:\/\/ecoararas.com.br\/v1\/wp-json\/wp\/v2\/pages\/176\/revisions"}],"predecessor-version":[{"id":1256,"href":"https:\/\/ecoararas.com.br\/v1\/wp-json\/wp\/v2\/pages\/176\/revisions\/1256"}],"wp:attachment":[{"href":"https:\/\/ecoararas.com.br\/v1\/wp-json\/wp\/v2\/media?parent=176"}],"curies":[{"name":"wp","href":"https:\/\/api.w.org\/{rel}","templated":true}]}}